s digit of 1446503937?
3
What is the ten thousands digit of 52461962?
6
What is the ten millions digit of 522995581?
2
What is the thousands digit of 1076406795?
6
What is the hundreds digit of 481690792?
7
What is the millions digit of 17622656?
7
What is the thousands digit of 535587171?
7
What is the millions digit of 2735857802?
5
What is the units digit of 27236576?
6
What is the thousands digit of 1015492101?
2
What is the hundred thousands digit of 6351259?
3
What is the tens digit of 125578475?
7
What is the hundreds digit of 4176064934?
9
What is the thousands digit of 213941291?
1
What is the units digit of 43699651?
1
What is the tens digit of 82871267?
6
What is the units digit of 1167574785?
5
What is the ten thousands digit of 5019922?
1
What is the ten millions digit of 95013622?
9
What is the units digit of 182028510?
0
What is the hundred thousands digit of 718114068?
1
What is the tens digit of 174615470?
7
What is the ten thousands digit of 288917705?
1
What is the thousands digit of 506262406?
2
What is the thousands digit of 1262225183?
5
What is the hundred millions digit of 913289814?
9
What is the hundred thousands digit of 960844364?
8
What is the hundred thousands digit of 4500190540?
1
What is the hundreds digit of 75092927?
9
What is the hundred thousands digit of 100612185?
6
What is the thousands digit of 91286852?
6
What is the units digit of 4253367208?
8
What is the tens digit of 66019919?
1
What is the millions digit of 1602672633?
2
What is the hundred thousands digit of 1945773130?
7
What is the tens digit of 47424896?
9
What is the ten thousands digit of 5262020209?
2
What is the millions digit of 44701979?
4
What is the millions digit of 171462908?
1
What is the ten millions digit of 34478764?
3
What is the thousands digit of 43878139?
8
What is the units digit of 56818577?
7
What is the ten millions digit of 77907210?
7
What is the ten thousands digit of 7169391?
6
What is the hundreds digit of 3667127637?
6
What is the thousands digit of 1906605?
6
What is the tens digit of 1047359591?
9
What is the hundred millions digit of 5069935344?
0
What is the tens digit of 653054888?
8
What is the ten thousands digit of 1802108997?
0
What is the thousands digit of 49384538?
4
What is the hundreds digit of 52866522?
5
What is the billions digit of 1356510952?
1
What is the millions digit of 484022698?
4
What is the hundreds digit of 459974569?
5
What is the tens digit of 297673522?
2
What is the hundred thousands digit of 8988635?
9
What is the tens digit of 1460836?
3
What is the thousands digit of 2082489996?
9
What is the ten millions digit of 254150202?
5
What is the ten thousands digit of 53593601?
9
What is the ten thousands digit of 44286967?
8
What is the units digit of 2695140048?
8
What is the hundreds digit of 76691229?
2
What is the ten thousands digit of 542624788?
2
What is the hundred millions digit of 138221730?
1
What is the ten thousands digit of 60647904?
4
What is the hundreds digit of 100983223?
2
What is the ten thousands digit of 713036264?
3
What is the units digit of 2816256239?
9
What is the ten thousands digit of 132581671?
8
What is the tens digit of 6225056338?
3
What is the thousands digit of 1128977275?
7
What is the thousands digit of 653613569?
3
What is the tens digit of 613532189?
8
What is the hundreds digit of 27905053?
0
What is the hundreds digit of 5105604?
6
What is the units digit of 1357543084?
4
What is the hundred thousands digit of 2686952223?
9
What is the hundred thousands digit of 3732902228?
9
What is the hundred thousands digit of 1013611662?
6
What is the hundred millions digit of 660543070?
6
What is the units digit of 53503000?
0
What is the units digit of 6811540?
0
What is the millions digit of 353660882?
3
What is the millions digit of 106537275?
6
What is the hundred thousands digit of 119572414?
5
What is the tens digit of 155373400?
0
What is the hundred thousands digit of 32504559?
5
What is the hundred millions digit of 668624360?
6
What is the tens digit of 26909318?
1
What is the millions digit of 20101367?
0
What is the ten millions digit of 3258309265?
5
What is the ten millions digit of 2190381748?
9
What is the millions digit of 145507623?
5
What is the tens digit of 15019724?
2
What is the billions digit of 2203825510?
2
What is the ten thousands digit of 1146704515?
0
What is the units digit of 303934575?
5
What is the ten millions digit of 4334726591?
3
What is the tens digit of 36090302?
0
What is the hundreds digit of 3227138227?
2
What is the ten thousands digit of 83945583?
4
What is the hundred thousands digit of 1318571625?
5
What is the hundred thousands digit of 152094495?
0
What is the millions digit of 55581956?
5
What is the hundreds digit of 12624348?
3
What is the thousands digit of 28712122?
2
What is the millions digit of 539183598?
9
What is the hundreds digit of 167620614?
6
What is the ten millions digit of 478471548?
7
What is the hundreds digit of 82869167?
1
What is the millions digit of 200667347?
0
What is the millions digit of 76258870?
6
What is the ten thousands digit of 9409289050?
8
What is the ten thousands digit of 486444415?
4
What is the thousands digit of 10317835?
7
What is the ten thousands digit of 631123026?
2
What is the thousands digit of 177381479?
1
What is the hundred millions digit of 1876336960?
8
What is the thousands digit of 14674752?
4
What is the millions digit of 100467539?
0
What is the tens digit of 50276405?
0
What is the millions digit of 90982956?
0
What is the hundreds digit of 65694199?
1
What is the thousands digit of 257549865?
9
What is the units digit of 197228629?
9
What is the millions digit of 71593072?
1
What is the millions digit of 7496319?
7
What is the hundreds digit of 425966999?
9
What is the ten millions digit of 991876066?
9
What is the ten thousands digit of 660462411?
6
What is the ten thousands digit of 31901539?
0
What is the thousands digit of 47329245?
9
What is the units digit of 51813522?
2
What is the hundreds digit of 93463558?
5
What is the units digit of 1482621316?
6
What is the millions digit of 7789309392?
9
What is the thousands digit of 3563488011?
8
What is the hundreds digit of 92040906?
9
What is the millions digit of 9654133?
9
What is the ten millions digit of 893673785?
9
What is the thousands digit of 1615796393?
6
What is the hundreds digit of 987707015?
0
What is the hundreds digit of 993298959?
9
What is the hundred thousands digit of 388411798?
4
What is the hundreds digit of 64904647?
6
What is the thousands digit of 112691242?
1
What is the billions digit of 1818789317?
1
What is the hundred thousands digit of 3071945637?
9
What is the ten thousands digit of 103352559?
5
What is the thousands digit of 1044435190?
5
What is the hundred thousands digit of 652686666?
6
What is the thousands digit of 704445223?
5
What is the units digit of 248112490?
0
What is the hundreds digit of 100014213?
2
What is the ten thousands digit of 699388668?
8
What is the ten thousands digit of 191757610?
5
What is the millions digit of 691402898?
1
What is the tens digit of 1381014244?
4
What is the billions digit of 2275187203?
2
What is the units digit of 139459178?
8
What is the ten millions digit of 13819786?
1
What is the thousands digit of 276572184?
2
What is the thousands digit of 22907924?
7
What is the millions digit of 2260846827?
0
What is the hundred thousands digit of 46499152?
4
What is the hundred millions digit of 1128606475?
1
What is the thousands digit of 279364271?
4
What is the hundred thousands digit of 19137301?
1
What is the billions digit of 1526541710?
1
What is the thousands digit of 6221390462?
0
What is the units digit of 193450206?
6
What is the ten millions digit of 632151069?
3
What is the thousands digit of 3402111187?
1
What is the millions digit of 985172824?
5
What is the billions digit of 2202699773?
2
What is the hundred thousands digit of 32056223?
0
What is the hundred thousands digit of 38547478?
5
What is the ten millions digit of 1477725647?
7
What is the units digit of 54105729?
9
What is the hundreds digit of 2725189133?
1
What is the millions digit of 80404842?
0
What is the ten thousands digit of 408641409?
4
Wha